What is the greatest common factor of 394 and 39478997?
197
What is the greatest common factor of 121 and 16923467?
11
What is the highest common factor of 393 and 3869292?
3
Calculate the greatest common divisor of 25829367 and 1739.
1739
What is the highest common factor of 61593 and 73353?
147
Calculate the highest common factor of 153855261 and 378.
189
Calculate the greatest common divisor of 5415948 and 420312.
2532
Calculate the greatest common factor of 21923 and 51755.
11
Calculate the highest common factor of 20189882 and 10221.
3407
Calculate the greatest common divisor of 3081 and 1991834.
13
What is the greatest common divisor of 5392 and 466470008?
2696
What is the highest common divisor of 738582 and 52494?
78
What is the highest common divisor of 224386040 and 3440?
1720
What is the highest common factor of 1501312 and 1998368?
10144
Calculate the highest common divisor of 81270702 and 9396.
4698
What is the highest common divisor of 8661653 and 663?
221
Calculate the greatest common factor of 229455 and 209970.
45
What is the highest common divisor of 191100518 and 1330?
266
Calculate the highest common divisor of 15115296 and 21.
21
Calculate the greatest common divisor of 6132192 and 6512.
176
Calculate the greatest common divisor of 60 and 609610.
10
Calculate the greatest common factor of 113 and 154271442.
113
Calculate the highest common divisor of 4667256 and 4579784.
6248
What is the highest common factor of 374 and 1823114?
34
What is the greatest common factor of 104808 and 120552?
24
What is the greatest common divisor of 81116 and 5684?
28
Calculate the greatest common factor of 294 and 46454352.
294
Calculate the greatest common divisor of 1019601486 and 1921.
1921
What is the highest common divisor of 1419753 and 783?
87
Calculate the highest common factor of 288648255 and 7.
7
What is the highest common factor of 1971711 and 377349?
2499
Calculate the greatest common factor of 128488 and 36632.
8
Calculate the highest common divisor of 178599625 and 389.
389
Calculate the highest common divisor of 16767 and 1335303.
9
What is the greatest common factor of 23 and 392455417?
23
What is the highest common divisor of 272436 and 73707?
933
What is the greatest common divisor of 5180 and 438308290?
2590
What is the greatest common divisor of 4186 and 3106831?
91
What is the greatest common factor of 1835820 and 7238?
658
What is the greatest common factor of 150263040 and 2872?
2872
Calculate the greatest common factor of 2360028 and 97864.
3764
What is the highest common divisor of 11662 and 84961002?
1666
What is the highest common divisor of 1600020 and 70?
10
What is the highest common divisor of 9376810 and 20?
10
What is the greatest common factor of 152 and 97834838?
38
Calculate the highest common factor of 9311443 and 4.
1
Calculate the highest common factor of 189977658 and 523.
523
What is the highest common factor of 209 and 207304459?
19
What is the greatest common factor of 505152 and 464810?
1754
Calculate the highest common divisor of 28064010 and 650.
130
Calculate the highest common factor of 300167810 and 295.
295
Calculate the highest common divisor of 265 and 221081285.
265
Calculate the highest common divisor of 770 and 21417830.
70
What is the highest common divisor of 3757 and 3339752?
221
What is the highest common divisor of 247 and 26417?
1
What is the greatest common divisor of 16716913 and 235?
47
What is the greatest common divisor of 67163 and 565884?
1429
What is the greatest common divisor of 112 and 2341892?
28
What is the greatest common divisor of 1958 and 5282506?
178
What is the highest common divisor of 21168 and 5553954?
2646
Calculate the greatest common divisor of 12723155 and 5.
5
What is the greatest common divisor of 89446010 and 574?
82
Calculate the greatest common factor of 32 and 46387408.
16
What is the greatest common divisor of 84118 and 695662?
614
Calculate the highest common factor of 16853326 and 364.
14
What is the highest common factor of 29250 and 2713464?
234
What is the highest common factor of 617370 and 35035?
65
Calculate the highest common divisor of 4810817 and 35629.
451
What is the greatest common divisor of 116370 and 320?
10
What is the greatest common divisor of 64244448 and 64?
32
Calculate the highest common factor of 11424 and 53472.
96
What is the greatest common factor of 1794 and 437552?
46
Calculate the greatest common factor of 520 and 35483610.
10
What is the highest common divisor of 1 and 32851789?
1
What is the highest common factor of 198172 and 1046656?
1924
Calculate the highest common factor of 5160 and 1133400.
120
What is the greatest common divisor of 13498 and 18734?
34
Calculate the greatest common divisor of 79 and 660664597.
79
Calculate the greatest common divisor of 8453 and 51.
1
Calculate the greatest common factor of 495 and 535909.
11
Calculate the highest common factor of 69662889 and 5049.
459
Calculate the highest common factor of 190608 and 2306448.
912
Calculate the highest common factor of 2071322 and 264.
22
What is the greatest common divisor of 2359968 and 1333?
31
What is the greatest common divisor of 5372 and 105782738?
2686
Calculate the greatest common factor of 49908 and 2112.
12
What is the greatest common divisor of 282 and 115716162?
282
What is the highest common factor of 456464 and 295160?
376
Calculate the highest common divisor of 14012375 and 377.
13
What is the greatest common divisor of 32079 and 35700153?
1887
Calculate the highest common divisor of 39231668 and 56.
28
What is the highest common factor of 8 and 24293288?
8
Calculate the greatest common divisor of 526666194 and 1662.
1662
Calculate the greatest common divisor of 10468815 and 630.
105
What is the greatest common divisor of 390 and 125805?
15
Calculate the greatest common divisor of 45128777 and 124.
31
What is the greatest common divisor of 453203802 and 35352?
8838
What is the highest common factor of 2366 and 328230?
14
Calculate the highest common divisor of 4109 and 37704184.
4109
What is the greatest common divisor of 232 and 60154?
2
What is the greatest common factor of 2995393 and 4673?
4673
Calculate the highest common divisor of 1829 and 3020859.
59
What is the highest common divisor of 4551651 and 45?
9
What is the greatest common factor of 54 and 160275699?
27
Calculate the greatest common divisor of 736 and 462068896.
736
Calculate the greatest common factor of 3730280 and 3530.
10
What is the greatest common divisor of 53846 and 103246?
494
What is the greatest common divisor of 3773 and 131369?
343
Calculate the greatest common divisor of 524830 and 1174942.
3386
Calculate the greatest common divisor of 10194756 and 36504.
2028
Calculate the highest common factor of 156803169 and 955.
191
What is the greatest common factor of 29213 and 1177217?
223
What is the greatest common factor of 24 and 1653276?
12
Calculate the highest common factor of 276242 and 12321.
37
What is the greatest common divisor of 67060 and 54320?
140
What is the highest common factor of 107959 and 102084?
47
What is the greatest common divisor of 432 and 298092960?
432
Calculate the highest common divisor of 430980 and 2115960.
660
Calculate the greatest common factor of 2849163 and 435.
87
Calculate the greatest common divisor of 9100 and 844700.
100
Calculate the greatest common divisor of 1431228 and 1476.
492
Calculate the highest common factor of 183863 and 3078.
19
Calculate the greatest common factor of 1541536 and 10066.
1438
What is the highest common factor of 109836 and 20170161?
3051
Calculate the greatest common factor of 7695 and 14553810.
2565
Calculate the highest common divisor of 55080326 and 98.
14
What is the highest common divisor of 73746343 and 99?
11
What is the greatest common divisor of 880549 and 4811?
17
What is the greatest common divisor of 197891758 and 146?
146
What is the greatest common divisor of 280426 and 5084?
62
Calculate the greatest common divisor of 6363898 and 152.
38
What is the greatest common factor of 79956828 and 7938?
2646
Calculate the highest common divisor of 2510274 and 234.
78
Calculate the greatest common divisor of 600 and 1344900.
300
Calculate the greatest common factor of 4168216